{"id":140,"date":"2025-04-18T00:46:34","date_gmt":"2025-04-18T00:46:34","guid":{"rendered":"https:\/\/tdendustri.com.tr\/?page_id=140"},"modified":"2025-05-23T10:00:59","modified_gmt":"2025-05-23T10:00:59","slug":"contact-us","status":"publish","type":"page","link":"https:\/\/tgsshipping.com\/?page_id=140","title":{"rendered":"Contact Us"},"content":{"rendered":"\n<h2 class=\"wp-block-heading alignwide has-text-align-center\">Contact Us<\/h2>\n\n\n\n<div class=\"wp-block-columns alignwide is-layout-flex wp-container-core-columns-is-layout-28f84493 wp-block-columns-is-layout-flex\">\n<div class=\"wp-block-column is-layout-flow wp-block-column-is-layout-flow\" style=\"flex-basis:800px\">\n<!DOCTYPE html>\n<html lang=\"en\">\n<head>\n  <meta charset=\"UTF-8\">\n  <title>TGS Denizcilik Map<\/title>\n  <style>\n    .map-container {\n      width: 100%;\n      height: 400px;\n    }\n\n    iframe {\n      width: 100%;\n      height: 100%;\n      border: 0;\n    }\n  <\/style>\n<\/head>\n<body>\n  <div class=\"map-container\">\n    <iframe \n      src=\"https:\/\/www.google.com\/maps?q=TGS+Denizcilik+Hizmetleri&#038;output=embed&#038;z=13\"\n      allowfullscreen>\n    <\/iframe>\n  <\/div>\n<\/body>\n<\/html>\n<\/div>\n\n\n\n<div class=\"wp-block-column is-layout-flow wp-block-column-is-layout-flow\">\n<p class=\"has-text-align-center has-foreground-color has-text-color has-link-color wp-elements-d885c1ca9b16ab33f4175d39a64fa19b\"><br><br><br><br><b><strong>HEADQUARTERS<\/strong><br><\/b>Fikirtepe, Bar\u0131\u015f Sk. No:1 K:17 D:194, <br>34720 Kad\u0131k\u00f6y\/Istanbul<br><br><strong>Phone<\/strong>:\u00a0<a href=\"tel:+90%20216%20577%200838\">+90 216 577 0838<\/a><br><b>Fax:<\/b>\u00a0<a href=\"fax:+90%20216%20577%200858\">+90 216 577 0858<\/a><\/p>\n<\/div>\n<\/div>\n\n\n\n<h2 class=\"wp-block-heading alignwide has-text-align-center\">Write Us<\/h2>\n\n\n\n<h6 class=\"wp-block-heading has-text-align-center\" style=\"border-style:none;border-width:0px\">\n<div class=\"wpcf7 no-js\" id=\"wpcf7-f539-o1\" lang=\"en-US\" dir=\"ltr\" data-wpcf7-id=\"539\">\n<div class=\"screen-reader-response\"><p role=\"status\" aria-live=\"polite\" aria-atomic=\"true\"><\/p> <ul><\/ul><\/div>\n<form action=\"\/index.php?rest_route=%2Fwp%2Fv2%2Fpages%2F140#wpcf7-f539-o1\" method=\"post\" class=\"wpcf7-form init\" aria-label=\"Contact form\" novalidate=\"novalidate\" data-status=\"init\">\n<fieldset class=\"hidden-fields-container\"><input type=\"hidden\" name=\"_wpcf7\" value=\"539\" \/><input type=\"hidden\" name=\"_wpcf7_version\" value=\"6.1.5\" \/><input type=\"hidden\" name=\"_wpcf7_locale\" value=\"en_US\" \/><input type=\"hidden\" name=\"_wpcf7_unit_tag\" value=\"wpcf7-f539-o1\" \/><input type=\"hidden\" name=\"_wpcf7_container_post\" value=\"0\" \/><input type=\"hidden\" name=\"_wpcf7_posted_data_hash\" value=\"\" \/><input type=\"hidden\" name=\"_wpcf7_recaptcha_response\" value=\"\" \/>\n<\/fieldset>\n<label> Your name\n    <span class=\"wpcf7-form-control-wrap\" data-name=\"your-name\"><input size=\"40\" maxlength=\"400\" class=\"wpcf7-form-control wpcf7-text wpcf7-validates-as-required\" autocomplete=\"name\" aria-required=\"true\" aria-invalid=\"false\" value=\"\" type=\"text\" name=\"your-name\" \/><\/span> <\/label>\n\n<label> Your email\n    <span class=\"wpcf7-form-control-wrap\" data-name=\"your-email\"><input size=\"40\" maxlength=\"400\" class=\"wpcf7-form-control wpcf7-email wpcf7-validates-as-required wpcf7-text wpcf7-validates-as-email\" autocomplete=\"email\" aria-required=\"true\" aria-invalid=\"false\" value=\"\" type=\"email\" name=\"your-email\" \/><\/span> <\/label>\n\n<label> Subject\n    <span class=\"wpcf7-form-control-wrap\" data-name=\"your-subject\"><input size=\"40\" maxlength=\"400\" class=\"wpcf7-form-control wpcf7-text wpcf7-validates-as-required\" aria-required=\"true\" aria-invalid=\"false\" value=\"\" type=\"text\" name=\"your-subject\" \/><\/span> <\/label>\n\n<label> Your message (optional)\n    <span class=\"wpcf7-form-control-wrap\" data-name=\"your-message\"><textarea cols=\"40\" rows=\"10\" maxlength=\"2000\" class=\"wpcf7-form-control wpcf7-textarea\" aria-invalid=\"false\" name=\"your-message\"><\/textarea><\/span> <\/label>\n\n<input class=\"wpcf7-form-control wpcf7-submit has-spinner\" type=\"submit\" value=\"Submit\" \/>\n\n   <span class=\"wpcf7-form-control-wrap recaptcha\" data-name=\"recaptcha\"><span data-sitekey=\"6LcMZigrAAAAALq3p-Kn8Reb0wHPENCz_j4FLvmq\" data-align=\"center\" class=\"wpcf7-form-control wpcf7-recaptcha g-recaptcha\"><\/span>\r\n<noscript>\r\n\t<div class=\"grecaptcha-noscript\">\r\n\t\t<iframe loading=\"lazy\" src=\"https:\/\/www.google.com\/recaptcha\/api\/fallback?k=6LcMZigrAAAAALq3p-Kn8Reb0wHPENCz_j4FLvmq\" frameborder=\"0\" scrolling=\"no\" width=\"310\" height=\"430\">\r\n\t\t<\/iframe>\r\n\t\t<textarea name=\"g-recaptcha-response\" rows=\"3\" cols=\"40\" placeholder=\"reCaptcha Response Here\">\r\n\t\t<\/textarea>\r\n\t<\/div>\r\n<\/noscript>\r\n<\/span><div class=\"wpcf7-response-output\" aria-hidden=\"true\"><\/div>\n<\/form>\n<\/div>\n<\/h6>\n\n\n\n<p><\/p>\n\n\n\n<p><\/p>\n","protected":false},"excerpt":{"rendered":"<p>Contact Us TGS Denizcilik Map HEADQUARTERSFikirtepe, Bar\u0131\u015f Sk. No:1 K:17 D:194, 34720 Kad\u0131k\u00f6y\/Istanbul Phone:\u00a0+90 216 577 0838Fax:\u00a0+90 216 577 0858 Write Us<\/p>\n","protected":false},"author":1,"featured_media":0,"parent":0,"menu_order":0,"comment_status":"closed","ping_status":"closed","template":"page-header-footer-only","meta":{"footnotes":""},"class_list":["post-140","page","type-page","status-publish","hentry"],"yoast_head":"<!-- This site is optimized with the Yoast SEO plugin v27.4 - https:\/\/yoast.com\/product\/yoast-seo-wordpress\/ -->\n<title>Contact Us<\/title>\n<meta name=\"robots\" content=\"index, follow, max-snippet:-1, max-image-preview:large, max-video-preview:-1\" \/>\n<link rel=\"canonical\" href=\"https:\/\/tgsshipping.com\/?page_id=140\" \/>\n<meta property=\"og:locale\" content=\"en_US\" \/>\n<meta property=\"og:type\" content=\"article\" \/>\n<meta property=\"og:title\" content=\"Contact Us\" \/>\n<meta property=\"og:description\" content=\"Contact Us TGS Denizcilik Map HEADQUARTERSFikirtepe, Bar\u0131\u015f Sk. No:1 K:17 D:194, 34720 Kad\u0131k\u00f6y\/Istanbul Phone:\u00a0+90 216 577 0838Fax:\u00a0+90 216 577 0858 Write Us\" \/>\n<meta property=\"og:url\" content=\"https:\/\/tgsshipping.com\/?page_id=140\" \/>\n<meta property=\"og:site_name\" content=\"TGS Shipping Services Ltd.\" \/>\n<meta property=\"article:publisher\" content=\"https:\/\/www.facebook.com\/profile.php?id=61575179187682\" \/>\n<meta property=\"article:modified_time\" content=\"2025-05-23T10:00:59+00:00\" \/>\n<meta name=\"twitter:card\" content=\"summary_large_image\" \/>\n<meta name=\"twitter:label1\" content=\"Est. reading time\" \/>\n\t<meta name=\"twitter:data1\" content=\"1 minute\" \/>\n<script type=\"application\/ld+json\" class=\"yoast-schema-graph\">{\"@context\":\"https:\\\/\\\/schema.org\",\"@graph\":[{\"@type\":\"WebPage\",\"@id\":\"https:\\\/\\\/tgsshipping.com\\\/?page_id=140\",\"url\":\"https:\\\/\\\/tgsshipping.com\\\/?page_id=140\",\"name\":\"Contact Us\",\"isPartOf\":{\"@id\":\"https:\\\/\\\/tgsshipping.com\\\/#website\"},\"datePublished\":\"2025-04-18T00:46:34+00:00\",\"dateModified\":\"2025-05-23T10:00:59+00:00\",\"breadcrumb\":{\"@id\":\"https:\\\/\\\/tgsshipping.com\\\/?page_id=140#breadcrumb\"},\"inLanguage\":\"en-US\",\"potentialAction\":[{\"@type\":\"ReadAction\",\"target\":[\"https:\\\/\\\/tgsshipping.com\\\/?page_id=140\"]}]},{\"@type\":\"BreadcrumbList\",\"@id\":\"https:\\\/\\\/tgsshipping.com\\\/?page_id=140#breadcrumb\",\"itemListElement\":[{\"@type\":\"ListItem\",\"position\":1,\"name\":\"Home\",\"item\":\"https:\\\/\\\/tgsshipping.com\\\/\"},{\"@type\":\"ListItem\",\"position\":2,\"name\":\"Contact Us\"}]},{\"@type\":\"WebSite\",\"@id\":\"https:\\\/\\\/tgsshipping.com\\\/#website\",\"url\":\"https:\\\/\\\/tgsshipping.com\\\/\",\"name\":\"TGS Shipping Services Ltd.\",\"description\":\"&quot;Steady Shores. Limitless Horizons.&quot;\",\"publisher\":{\"@id\":\"https:\\\/\\\/tgsshipping.com\\\/#organization\"},\"potentialAction\":[{\"@type\":\"SearchAction\",\"target\":{\"@type\":\"EntryPoint\",\"urlTemplate\":\"https:\\\/\\\/tgsshipping.com\\\/?s={search_term_string}\"},\"query-input\":{\"@type\":\"PropertyValueSpecification\",\"valueRequired\":true,\"valueName\":\"search_term_string\"}}],\"inLanguage\":\"en-US\"},{\"@type\":\"Organization\",\"@id\":\"https:\\\/\\\/tgsshipping.com\\\/#organization\",\"name\":\"TGS Shipping Services Ltd.\",\"url\":\"https:\\\/\\\/tgsshipping.com\\\/\",\"logo\":{\"@type\":\"ImageObject\",\"inLanguage\":\"en-US\",\"@id\":\"https:\\\/\\\/tgsshipping.com\\\/#\\\/schema\\\/logo\\\/image\\\/\",\"url\":\"https:\\\/\\\/tgsshipping.com\\\/wp-content\\\/uploads\\\/2025\\\/04\\\/Logo-removebg-preview.png\",\"contentUrl\":\"https:\\\/\\\/tgsshipping.com\\\/wp-content\\\/uploads\\\/2025\\\/04\\\/Logo-removebg-preview.png\",\"width\":500,\"height\":402,\"caption\":\"TGS Shipping Services Ltd.\"},\"image\":{\"@id\":\"https:\\\/\\\/tgsshipping.com\\\/#\\\/schema\\\/logo\\\/image\\\/\"},\"sameAs\":[\"https:\\\/\\\/www.facebook.com\\\/profile.php?id=61575179187682\",\"https:\\\/\\\/www.linkedin.com\\\/company\\\/tgsshipping1\",\"https:\\\/\\\/www.instagram.com\\\/tgs_shipping\\\/\"]}]}<\/script>\n<!-- \/ Yoast SEO plugin. -->","yoast_head_json":{"title":"Contact Us","robots":{"index":"index","follow":"follow","max-snippet":"max-snippet:-1","max-image-preview":"max-image-preview:large","max-video-preview":"max-video-preview:-1"},"canonical":"https:\/\/tgsshipping.com\/?page_id=140","og_locale":"en_US","og_type":"article","og_title":"Contact Us","og_description":"Contact Us TGS Denizcilik Map HEADQUARTERSFikirtepe, Bar\u0131\u015f Sk. No:1 K:17 D:194, 34720 Kad\u0131k\u00f6y\/Istanbul Phone:\u00a0+90 216 577 0838Fax:\u00a0+90 216 577 0858 Write Us","og_url":"https:\/\/tgsshipping.com\/?page_id=140","og_site_name":"TGS Shipping Services Ltd.","article_publisher":"https:\/\/www.facebook.com\/profile.php?id=61575179187682","article_modified_time":"2025-05-23T10:00:59+00:00","twitter_card":"summary_large_image","twitter_misc":{"Est. reading time":"1 minute"},"schema":{"@context":"https:\/\/schema.org","@graph":[{"@type":"WebPage","@id":"https:\/\/tgsshipping.com\/?page_id=140","url":"https:\/\/tgsshipping.com\/?page_id=140","name":"Contact Us","isPartOf":{"@id":"https:\/\/tgsshipping.com\/#website"},"datePublished":"2025-04-18T00:46:34+00:00","dateModified":"2025-05-23T10:00:59+00:00","breadcrumb":{"@id":"https:\/\/tgsshipping.com\/?page_id=140#breadcrumb"},"inLanguage":"en-US","potentialAction":[{"@type":"ReadAction","target":["https:\/\/tgsshipping.com\/?page_id=140"]}]},{"@type":"BreadcrumbList","@id":"https:\/\/tgsshipping.com\/?page_id=140#breadcrumb","itemListElement":[{"@type":"ListItem","position":1,"name":"Home","item":"https:\/\/tgsshipping.com\/"},{"@type":"ListItem","position":2,"name":"Contact Us"}]},{"@type":"WebSite","@id":"https:\/\/tgsshipping.com\/#website","url":"https:\/\/tgsshipping.com\/","name":"TGS Shipping Services Ltd.","description":"&quot;Steady Shores. Limitless Horizons.&quot;","publisher":{"@id":"https:\/\/tgsshipping.com\/#organization"},"potentialAction":[{"@type":"SearchAction","target":{"@type":"EntryPoint","urlTemplate":"https:\/\/tgsshipping.com\/?s={search_term_string}"},"query-input":{"@type":"PropertyValueSpecification","valueRequired":true,"valueName":"search_term_string"}}],"inLanguage":"en-US"},{"@type":"Organization","@id":"https:\/\/tgsshipping.com\/#organization","name":"TGS Shipping Services Ltd.","url":"https:\/\/tgsshipping.com\/","logo":{"@type":"ImageObject","inLanguage":"en-US","@id":"https:\/\/tgsshipping.com\/#\/schema\/logo\/image\/","url":"https:\/\/tgsshipping.com\/wp-content\/uploads\/2025\/04\/Logo-removebg-preview.png","contentUrl":"https:\/\/tgsshipping.com\/wp-content\/uploads\/2025\/04\/Logo-removebg-preview.png","width":500,"height":402,"caption":"TGS Shipping Services Ltd."},"image":{"@id":"https:\/\/tgsshipping.com\/#\/schema\/logo\/image\/"},"sameAs":["https:\/\/www.facebook.com\/profile.php?id=61575179187682","https:\/\/www.linkedin.com\/company\/tgsshipping1","https:\/\/www.instagram.com\/tgs_shipping\/"]}]}},"_links":{"self":[{"href":"https:\/\/tgsshipping.com\/index.php?rest_route=\/wp\/v2\/pages\/140","targetHints":{"allow":["GET"]}}],"collection":[{"href":"https:\/\/tgsshipping.com\/index.php?rest_route=\/wp\/v2\/pages"}],"about":[{"href":"https:\/\/tgsshipping.com\/index.php?rest_route=\/wp\/v2\/types\/page"}],"author":[{"embeddable":true,"href":"https:\/\/tgsshipping.com\/index.php?rest_route=\/wp\/v2\/users\/1"}],"replies":[{"embeddable":true,"href":"https:\/\/tgsshipping.com\/index.php?rest_route=%2Fwp%2Fv2%2Fcomments&post=140"}],"version-history":[{"count":98,"href":"https:\/\/tgsshipping.com\/index.php?rest_route=\/wp\/v2\/pages\/140\/revisions"}],"predecessor-version":[{"id":689,"href":"https:\/\/tgsshipping.com\/index.php?rest_route=\/wp\/v2\/pages\/140\/revisions\/689"}],"wp:attachment":[{"href":"https:\/\/tgsshipping.com\/index.php?rest_route=%2Fwp%2Fv2%2Fmedia&parent=140"}],"curies":[{"name":"wp","href":"https:\/\/api.w.org\/{rel}","templated":true}]}}